 of c.
3, 67
Suppose 2*f - 14 = 0, -69903 = -4*a - 5*f + 63584. List the prime factors of a.
3, 11, 337
Let u(n) = 46*n - 10. Let l be u(3). Let f = l - 118. Suppose 0 = 5*m + f*m - 375. List the prime factors of m.
5
Let j = -1898 + 897. Let q = j - -1799. What are the prime factors of (1 + 25/(-15))/((-4)/q)?
7, 19
Let c = 132804 - 91451. What are the prime factors of c?
13, 3181
List the prime factors of (-233847)/(10 + -19) - -21.
2, 3, 11, 197
Let i(m) = -1589*m + 1207. List the prime factors of i(-34).
3, 17, 19
Suppose 1108279 = -48*i + 239*i - 5838582. List the prime factors of i.
37, 983
Suppose 9*z - 92 = -14*z. Suppose -z = -4*p - 12, 0 = -2*s + p + 114. What are the prime factors of s?
2, 7
Let l(u) = u**2 + 40*u + 50. Let j(v) = -v**2 - 27*v - 33. Let s(z) = -7*j(z) - 5*l(z). What are the prime factors of s(-12)?
401
Let x be (-2 + 278 + 0)*713/92. Let h = 3746 - x. List the prime factors of h.
1607
Suppose -137*j + 7361681 = 196*j - 22*j. List the prime factors of j.
23671
Suppose -37*q + 69 = 4*z - 36*q, 5*q + 23 = 3*z. Suppose z*f + 1242 = 17*f. List the prime factors of f.
2, 3, 23
Suppose 5*h = 1106 + 7844. Let j(u) = -2*u**3 + u**2 + u + 12. Let a be j(0). Suppose -a*i = -h + 518. What are the prime factors of i?
2, 53
Let h(p) = 4*p**2 + 84*p - 3441. List the prime factors of h(68).
19, 1093
Let s(d) = -d**3 - 36*d**2 - 35*d + 26. Let w be s(-35). Suppose w*r = 21*r + 5*y + 1660, 2*y + 994 = 3*r. What are the prime factors of r?
2, 3, 5, 11
Let i = -62975 - -108555. List the prime factors of i.
2, 5, 43, 53
Suppose 98 + 14 = 7*x. Suppose -x*d - 1092 = -19*d. List the prime factors of d.
2, 7, 13
What are the prime factors of 16/48 - 52773/(-9)?
2, 733
Let b(p) = 3*p**3 + 9*p**2 + 59*p + 9. Let x(o) = 3*o**3 + 8*o**2 + 61*o + 10. Let a(l) = -5*b(l) + 4*x(l). List the prime factors of a(-6).
13, 37
Suppose 15*o - 18 = 207. Suppose 0 = i + 5*k - o, 3*i - k = -0*i - 3. Suppose -3*q + 147 + 708 = i. What are the prime factors of q?
3, 5, 19
Suppose 247*i - 267*i = -487760. List the prime factors of i.
2, 7, 13, 67
Suppose 5*d - 7*d + 3*c = 5, -3*c = 4*d - 17. Let r(x) = 16*x**3 + 3*x**2 - 6*x + 4. What are the prime factors of r(d)?
2, 3, 11
Let r(g) = -14*g + 15*g - 4*g. Let w be r(0). Suppose 3*d + 0*d - 716 = -4*q, w = -2*q + 4*d + 358. List the prime factors of q.
179
Suppose -j + 10*j = -81. Suppose 3*p + 2302 + 2876 = 0. List the prime factors of p/j + -5 + (-4)/(-18).
11, 17
Let d be 1*-1*(3 - 4). Let p(b) be the first derivative of 103*b**4/2 - b**3/3 - b**2/2 + b + 548. List the prime factors of p(d).
5, 41
Let y = 457 + -417. Suppose 4*s = -y*s + 80344. What are the prime factors of s?
2, 11, 83
Let n(f) = -f**3 + 7*f**2 - f + 15. Let m be n(7). Let v = 12 - m. Suppose 0 = -v*y - 20, 829 - 29 = 5*q - 4*y. What are the prime factors of q?
2, 3, 13
Let l(z) be the second derivative of z**5/20 - z**4/3 + 5*z**3/6 - 7*z**2/2 - z. Let m be l(5). Let u = -32 + m. What are the prime factors of u?
11
Let i = -829 - -845. List the prime factors of 4/i + 12430/40.
311
What are the prime factors of 114 + 1 + 27/((-243)/(-72))?
3, 41
Let d(i) = 3*i**3 - 6*i**2 + 6*i - 14. Let w(u) = -5*u - 19. Let p be w(-5). What are the prime factors of d(p)?
2, 227
Let o = 399 - -18646. List the prime factors of o.
5, 13, 293
Let i = 41985 + -27181. List the prime factors of i.
2, 3701
Let x = -17809 - -49270. What are the prime factors of x?
3, 10487
Suppose -6*w + 2*w = 24. Let j(s) = -4*s - 24. Let a be j(w). Suppose -5*l + 110 = 5*z, 4*z - 2*z - 5*l - 44 = a. List the prime factors of z.
2, 11
Suppose 2*m - 2*s = -5*s + 36, 0 = 5*m + 2*s - 90. Suppose -14*n + m*n - 1632 = 0. What are the prime factors of n?
2, 3, 17
Suppose 2882 = 5*c - 3*h + 456, 5*c - 2*h - 2429 = 0. List the prime factors of c.
487
Let h(z) = 1 + 85*z - 2 + 704*z - 94*z. List the prime factors of h(2).
3, 463
What are the prime factors of ((-33)/(-66))/((-7)/(-318766))?
22769
Suppose -2*l + 57198 = -b, -38*b = -3*l - 33*b + 85797. List the prime factors of l.
3, 9533
Let j = -5938 - -15216. List the prime factors of j.
2, 4639
Let r be (-156)/(-1014) - (-56)/(-26). Let g(f) = -77*f**3 - 3*f**2 + 3*f + 5. List the prime factors of g(r).
3, 67
Let x(m) = -137*m + 130*m - 4*m**2 - 3*m**2 + 9 - m**3. Let w be x(-6). Suppose 0 = -17*b + w*b + 276. What are the prime factors of b?
2, 3, 23
Suppose 2*s = -5*t - 17, 0 = -s + t - 2*t - 1. List the prime factors of 495 + 0 + -6 + s.
17, 29
Let f(c) = -52*c + 73. Let a be f(5). Let z = 20 - a. What are the prime factors of z?
3, 23
Suppose 5*s = -2*c + 40, c - s - 26 = -2*c. Let u = -5 + c. Suppose -155 = -4*r + 3*k, -u*r - 27 + 197 = k. List the prime factors of r.
5, 7
Suppose 0 = -3*s + q + 24926, q - 1 - 6 = 0. List the prime factors of s.
8311
Let o be (6/(-9))/((-4)/(-6)). List the prime factors of 11825/(-25)*o/1.
11, 43
Let a = -6338 - -15136. What are the prime factors of a?
2, 53, 83
Let n be (2/7 + 68/56)*36. Let m = 54 + n. Suppose v - 3*z + 7*z - m = 0, -4*v + 5*z + 474 = 0. List the prime factors of v.
2, 29
Let y = -48 - -71. Let d = y + -13. Let t(f) = 2*f**2 - 12*f + 9. List the prime factors of t(d).
89
What are the prime factors of ((-16402)/10 + (4 - 3))*600/(-90)?
2, 683
Let d(h) = -4*h**3 + 3*h**2 + 6*h - 7. Let p be 4 + (0 - 2) - -1. Let y be d(p). Let c = 10 - y. List the prime factors of c.
2, 5
Suppose 12 + 7 = 3*x - 5*d, 3*x = -3*d + 3. Suppose -4*j + 16 = 0, x*n - 3*j = n + 766. What are the prime factors of n?
389
Let o(h) = -96*h + 1. Let t be -3*8/(-6) + (2 - 2). Suppose -5 - 8 = p + t*g, g - 2 = 5*p. What are the prime factors of o(p)?
97
Let a = 43955 + -23800. What are the prime factors of a?
5, 29, 139
Suppose -18*o + 6*o = -0*o + 1416. Suppose -690 = 3*p + 2*p. Let k = o - p. What are the prime factors of k?
2, 5
Suppose 1840 = -16*j + 288. Let q = j - -1361. What are the prime factors of q?
2, 79
Let n = -45 + 49. Suppose n*b - 5*y + 1748 = 0, b + y + 0*y = -446. Let w = 658 + b. What are the prime factors of w?
2, 3
List the prime factors of 44*(104 - -30)/((-40)/435*-3).
11, 29, 67
Let t = -38300 + 75594. What are the prime factors of t?
2, 29, 643
Suppose -15*i = 11*i + 300431 - 1278005. List the prime factors of i.
3, 83, 151
Suppose 0 = -16*v + 13*v - 1008. Let t = 663 + v. Suppose -t = -5*j + 28. List the prime factors of j.
71
Suppose -4*s + 1315 = -1121. Suppose -614*a + s*a = -5290. What are the prime factors of a?
2, 23
What are the prime factors of (-1516108)/(-44) + (-2 - 15/(-6))*0?
34457
Let t(c) = 3*c - 4*c + 3*c - 4 + 2. Let s be t(1). Suppose 2*y + 4 - 30 = s. What are the prime factors of y?
13
Suppose -117*w = -116*w - p - 64873, 129736 = 2*w - 4*p. List the prime factors of w.
2, 3, 11, 983
Let g = 5227 - 3052. Suppose 5*z + 5*m - g = 0, -1322 = -5*z + 2*m + 846. List the prime factors of z.
2, 7, 31
Suppose 11*x + 795 = 5*d + 7*x, 3*x - 830 = -5*d. Let l = 109 - 155. Let r = d + l. List the prime factors of r.
3, 13
List the prime factors of (18370 - -27) + (-72)/(-6).
41, 449
Let r(l) = -l**2 - l + 9. Let w be r(-7). Let n = -7 + w. Let b = 17 - n. List the prime factors of b.
3, 19
Let l = -14846 + 30261. What are the prime factors of l?
5, 3083
Suppose -4*o = -3*l - 7 - 31, l = 5*o - 42. Suppose p + o*p - 126 = 0. Suppose -4*w + p*w = 1590. List the prime factors of w.
3, 53
Let i be 4/(-3)*(-1 + (-5679)/18). Suppose 2*o = p - i + 115, -5*p = 4*o - 1577. List the prime factors of p.
313
Let q(b) be the first derivative of b**4/4 - 4*b**3/3 + b**2/2 - 2*b - 20. Let f be q(4). What are the prime factors of 54*(f/6 - -4)?
2, 3, 13
Let d be (-1)/5*1217 + 204/510. Let k = -134 - 319. Let w = d - k. What are the prime factors of w?
2, 3, 5, 7
Let y(r) = -5*r**3 - 56*r**2 + r - 34. Let c(q) = -q**3 - 11*q**2 - 7. Let g(h) = -11*c(h) + 2*y(h). Let j = 1727 - 1733. List the prime factors of g(j).
3, 5, 7
Suppose 0*u + 9 = 3*u. Suppose u*i + 5*l - 51 = 7*i, 0 = -4*l - 4. What are the prime factors of (-40)/i*70/20?
2, 5
What are the prime factors of 4843/(22/143*13 - 1)?
29, 167
Suppose -3*f = 0, f - 9518 = -x - 0*f. What are the prime factors of x?
2, 4759
Let z(c) = -42*c + 122. Let g be z(-33). Let b = g + -246. List the prime factors of b.
2, 631
Let s be 15/(-12) - -1 - 4